{"id":710,"date":"2022-12-07T16:55:15","date_gmt":"2022-12-07T15:55:15","guid":{"rendered":"https:\/\/mkvplast.pl\/?post_type=product&#038;p=710"},"modified":"2022-12-07T16:55:16","modified_gmt":"2022-12-07T15:55:16","slug":"potencjometr-pomiaru-drogi-linial","status":"publish","type":"product","link":"https:\/\/mkvplast.pl\/index.php\/product\/potencjometr-pomiaru-drogi-linial\/","title":{"rendered":"Potencjometr pomiaru drogi &#8211; linia\u0142"},"content":{"rendered":"<h5><strong>Producent:<\/strong><\/h5>\n<h5><strong> Engel, Novotechnik, Gefran <\/strong><\/h5>\n<h5><strong>R\u00f3\u017cne d\u0142ugo\u015bci <\/strong><\/h5>\n<h5><strong>Cena netto od 200 z\u0142 \/ szt.<\/strong><\/h5>\n","protected":false},"excerpt":{"rendered":"<p>Producent: Engel, Novotechnik, Gefran R\u00f3\u017cne d\u0142ugo\u015bci Cena netto od 200 z\u0142 \/ szt.<\/p>\n","protected":false},"featured_media":711,"template":"","meta":[],"product_brand":[],"product_cat":[22],"product_tag":[],"class_list":{"0":"post-710","1":"product","2":"type-product","3":"status-publish","4":"has-post-thumbnail","6":"product_cat-czesci","8":"first","9":"instock","10":"shipping-taxable","11":"product-type-simple"},"_links":{"self":[{"href":"https:\/\/mkvplast.pl\/index.php\/wp-json\/wp\/v2\/product\/710","targetHints":{"allow":["GET"]}}],"collection":[{"href":"https:\/\/mkvplast.pl\/index.php\/wp-json\/wp\/v2\/product"}],"about":[{"href":"https:\/\/mkvplast.pl\/index.php\/wp-json\/wp\/v2\/types\/product"}],"wp:featuredmedia":[{"embeddable":true,"href":"https:\/\/mkvplast.pl\/index.php\/wp-json\/wp\/v2\/media\/711"}],"wp:attachment":[{"href":"https:\/\/mkvplast.pl\/index.php\/wp-json\/wp\/v2\/media?parent=710"}],"wp:term":[{"taxonomy":"product_brand","embeddable":true,"href":"https:\/\/mkvplast.pl\/index.php\/wp-json\/wp\/v2\/product_brand?post=710"},{"taxonomy":"product_cat","embeddable":true,"href":"https:\/\/mkvplast.pl\/index.php\/wp-json\/wp\/v2\/product_cat?post=710"},{"taxonomy":"product_tag","embeddable":true,"href":"https:\/\/mkvplast.pl\/index.php\/wp-json\/wp\/v2\/product_tag?post=710"}],"curies":[{"name":"wp","href":"https:\/\/api.w.org\/{rel}","templated":true}]}}