{"id":6796,"date":"2026-04-27T15:16:07","date_gmt":"2026-04-27T13:16:07","guid":{"rendered":"https:\/\/mkvplast.pl\/?post_type=product&#038;p=6796"},"modified":"2026-04-27T15:16:07","modified_gmt":"2026-04-27T13:16:07","slug":"zaciag-tworzywa-amboss-langbein","status":"publish","type":"product","link":"https:\/\/mkvplast.pl\/index.php\/product\/zaciag-tworzywa-amboss-langbein\/","title":{"rendered":"Zaci\u0105g tworzywa Amboss + Langbein"},"content":{"rendered":"<h5><strong>Moc silnika: 1 kW<\/strong><br \/>\n<strong>Napi\u0119cie zasilania: 230 V AC (+\/- 10%)<\/strong><br \/>\n<strong>Cz\u0119stotliwo\u015b\u0107: 50-60 Hz<\/strong><br \/>\n<strong>Pojemno\u015b\u0107 zbiornika: ok. 10 litr\u00f3w<\/strong><br \/>\n<strong>Wydajno\u015b\u0107 transportu: ok. 10 \u2013 120 kg\/h (zale\u017cnie od materia\u0142u i odleg\u0142o\u015bci)<\/strong><br \/>\n<strong>Wymagane spr\u0119\u017cone powietrze: ok. 5 bar (do czyszczenia filtra\/sterowania)<\/strong><br \/>\n<strong>Waga urz\u0105dzenia: ok. 15 kg<\/strong><br \/>\n<strong>Materia\u0142 wykonania: stal nierdzewna<\/strong><br \/>\n<strong>Cena netto: 2500 z\u0142<\/strong><\/h5>\n","protected":false},"excerpt":{"rendered":"<p>Moc silnika: 1 kW Napi\u0119cie zasilania: 230 V AC (+\/- 10%) Cz\u0119stotliwo\u015b\u0107: 50-60 Hz Pojemno\u015b\u0107 zbiornika: ok. 10 litr\u00f3w Wydajno\u015b\u0107 transportu: ok. 10 \u2013 120 kg\/h (zale\u017cnie od materia\u0142u i odleg\u0142o\u015bci) Wymagane spr\u0119\u017cone powietrze: ok. 5 bar (do czyszczenia filtra\/sterowania) Waga urz\u0105dzenia: ok. 15 kg Materia\u0142 wykonania: stal nierdzewna Cena [&hellip;]<\/p>\n","protected":false},"featured_media":6797,"template":"","meta":[],"product_brand":[],"product_cat":[29,21],"product_tag":[],"class_list":{"0":"post-6796","1":"product","2":"type-product","3":"status-publish","4":"has-post-thumbnail","6":"product_cat-podajniki-tworzywa","7":"product_cat-urzadzenia","9":"first","10":"instock","11":"shipping-taxable","12":"product-type-simple"},"_links":{"self":[{"href":"https:\/\/mkvplast.pl\/index.php\/wp-json\/wp\/v2\/product\/6796","targetHints":{"allow":["GET"]}}],"collection":[{"href":"https:\/\/mkvplast.pl\/index.php\/wp-json\/wp\/v2\/product"}],"about":[{"href":"https:\/\/mkvplast.pl\/index.php\/wp-json\/wp\/v2\/types\/product"}],"wp:featuredmedia":[{"embeddable":true,"href":"https:\/\/mkvplast.pl\/index.php\/wp-json\/wp\/v2\/media\/6797"}],"wp:attachment":[{"href":"https:\/\/mkvplast.pl\/index.php\/wp-json\/wp\/v2\/media?parent=6796"}],"wp:term":[{"taxonomy":"product_brand","embeddable":true,"href":"https:\/\/mkvplast.pl\/index.php\/wp-json\/wp\/v2\/product_brand?post=6796"},{"taxonomy":"product_cat","embeddable":true,"href":"https:\/\/mkvplast.pl\/index.php\/wp-json\/wp\/v2\/product_cat?post=6796"},{"taxonomy":"product_tag","embeddable":true,"href":"https:\/\/mkvplast.pl\/index.php\/wp-json\/wp\/v2\/product_tag?post=6796"}],"curies":[{"name":"wp","href":"https:\/\/api.w.org\/{rel}","templated":true}]}}