{"id":6284,"date":"2026-03-18T08:51:08","date_gmt":"2026-03-18T07:51:08","guid":{"rendered":"https:\/\/mkvplast.pl\/?post_type=product&#038;p=6284"},"modified":"2026-04-17T07:16:21","modified_gmt":"2026-04-17T05:16:21","slug":"suszarnia-suchego-powietrza-z-zaciagami-tworzywa-2","status":"publish","type":"product","link":"https:\/\/mkvplast.pl\/index.php\/product\/suszarnia-suchego-powietrza-z-zaciagami-tworzywa-2\/","title":{"rendered":"Suszarnia suchego powietrza Motan Luxor LA\/8-200 z pomp\u0105 pr\u00f3\u017cniow\u0105 i filtrem centralnym"},"content":{"rendered":"<h5><strong>Suszarnia suchego powietrza z zaci\u0105gami tworzywa\u00a0<\/strong><br \/>\n<strong>Producent: Motan<\/strong><br \/>\n<strong>Model: Luxor LA\/8-200<\/strong><br \/>\n<strong>Moc pod\u0142\u0105czeniowa: 6 kW<\/strong><br \/>\n<strong>Przep\u0142yw suchego powietrza: 200 m3\/h<\/strong><br \/>\n<strong>Z pomp\u0105 pr\u00f3\u017cniow\u0105<\/strong><br \/>\n<strong>VACOM<\/strong><br \/>\n<strong>Moc: 4,6 kW<\/strong><br \/>\n<strong>Z filtrem centralnym i sterowaniem Motan<\/strong><br \/>\n<strong>Silosy na tworzywo:<\/strong><br \/>\n<strong>1 x 150 L<\/strong><br \/>\n<strong>4 x 60 L<\/strong><br \/>\n<strong>Zaci\u0105gi tworzywa:<\/strong><br \/>\n<strong>Producent: Motan<\/strong><br \/>\n<strong>Model: HLX-06-1-A000-0<\/strong><br \/>\n<strong>5 sztuk<\/strong><br \/>\n<strong>Cena netto ca\u0142ego zestawu: 36.000 z\u0142<\/strong><\/h5>\n","protected":false},"excerpt":{"rendered":"<p>Suszarnia suchego powietrza z zaci\u0105gami tworzywa\u00a0 Producent: Motan Model: Luxor LA\/8-200 Moc pod\u0142\u0105czeniowa: 6 kW Przep\u0142yw suchego powietrza: 200 m3\/h Z pomp\u0105 pr\u00f3\u017cniow\u0105 VACOM Moc: 4,6 kW Z filtrem centralnym i sterowaniem Motan Silosy na tworzywo: 1 x 150 L 4 x 60 L Zaci\u0105gi tworzywa: Producent: Motan Model: HLX-06-1-A000-0 [&hellip;]<\/p>\n","protected":false},"featured_media":6723,"template":"","meta":[],"product_brand":[],"product_cat":[26,21],"product_tag":[],"class_list":{"0":"post-6284","1":"product","2":"type-product","3":"status-publish","4":"has-post-thumbnail","6":"product_cat-suszarki","7":"product_cat-urzadzenia","9":"first","10":"instock","11":"shipping-taxable","12":"product-type-simple"},"_links":{"self":[{"href":"https:\/\/mkvplast.pl\/index.php\/wp-json\/wp\/v2\/product\/6284","targetHints":{"allow":["GET"]}}],"collection":[{"href":"https:\/\/mkvplast.pl\/index.php\/wp-json\/wp\/v2\/product"}],"about":[{"href":"https:\/\/mkvplast.pl\/index.php\/wp-json\/wp\/v2\/types\/product"}],"wp:featuredmedia":[{"embeddable":true,"href":"https:\/\/mkvplast.pl\/index.php\/wp-json\/wp\/v2\/media\/6723"}],"wp:attachment":[{"href":"https:\/\/mkvplast.pl\/index.php\/wp-json\/wp\/v2\/media?parent=6284"}],"wp:term":[{"taxonomy":"product_brand","embeddable":true,"href":"https:\/\/mkvplast.pl\/index.php\/wp-json\/wp\/v2\/product_brand?post=6284"},{"taxonomy":"product_cat","embeddable":true,"href":"https:\/\/mkvplast.pl\/index.php\/wp-json\/wp\/v2\/product_cat?post=6284"},{"taxonomy":"product_tag","embeddable":true,"href":"https:\/\/mkvplast.pl\/index.php\/wp-json\/wp\/v2\/product_tag?post=6284"}],"curies":[{"name":"wp","href":"https:\/\/api.w.org\/{rel}","templated":true}]}}