{"id":6116,"date":"2026-02-19T15:44:16","date_gmt":"2026-02-19T14:44:16","guid":{"rendered":"https:\/\/mkvplast.pl\/?post_type=product&#038;p=6116"},"modified":"2026-02-19T15:44:16","modified_gmt":"2026-02-19T14:44:16","slug":"zaciag-tworzywa-colortronic","status":"publish","type":"product","link":"https:\/\/mkvplast.pl\/index.php\/product\/zaciag-tworzywa-colortronic\/","title":{"rendered":"Zaci\u0105g tworzywa Colortronic"},"content":{"rendered":"<h5><strong>Producent: Colortronic<\/strong><br \/>\n<strong>Model: CSE<\/strong><br \/>\n<strong>Moc 0,8 kW<\/strong><br \/>\n<strong>Wyposa\u017cenie: lanca ze stali nierdzewnej z w\u0119\u017cem ssawnym<\/strong><br \/>\n<strong>Cena netto: 1500 z\u0142<\/strong><\/h5>\n","protected":false},"excerpt":{"rendered":"<p>Producent: Colortronic Model: CSE Moc 0,8 kW Wyposa\u017cenie: lanca ze stali nierdzewnej z w\u0119\u017cem ssawnym Cena netto: 1500 z\u0142<\/p>\n","protected":false},"featured_media":6119,"template":"","meta":[],"product_brand":[],"product_cat":[29,21],"product_tag":[],"class_list":{"0":"post-6116","1":"product","2":"type-product","3":"status-publish","4":"has-post-thumbnail","6":"product_cat-podajniki-tworzywa","7":"product_cat-urzadzenia","9":"first","10":"instock","11":"shipping-taxable","12":"product-type-simple"},"_links":{"self":[{"href":"https:\/\/mkvplast.pl\/index.php\/wp-json\/wp\/v2\/product\/6116","targetHints":{"allow":["GET"]}}],"collection":[{"href":"https:\/\/mkvplast.pl\/index.php\/wp-json\/wp\/v2\/product"}],"about":[{"href":"https:\/\/mkvplast.pl\/index.php\/wp-json\/wp\/v2\/types\/product"}],"wp:featuredmedia":[{"embeddable":true,"href":"https:\/\/mkvplast.pl\/index.php\/wp-json\/wp\/v2\/media\/6119"}],"wp:attachment":[{"href":"https:\/\/mkvplast.pl\/index.php\/wp-json\/wp\/v2\/media?parent=6116"}],"wp:term":[{"taxonomy":"product_brand","embeddable":true,"href":"https:\/\/mkvplast.pl\/index.php\/wp-json\/wp\/v2\/product_brand?post=6116"},{"taxonomy":"product_cat","embeddable":true,"href":"https:\/\/mkvplast.pl\/index.php\/wp-json\/wp\/v2\/product_cat?post=6116"},{"taxonomy":"product_tag","embeddable":true,"href":"https:\/\/mkvplast.pl\/index.php\/wp-json\/wp\/v2\/product_tag?post=6116"}],"curies":[{"name":"wp","href":"https:\/\/api.w.org\/{rel}","templated":true}]}}