{"id":5853,"date":"2026-01-02T14:58:22","date_gmt":"2026-01-02T13:58:22","guid":{"rendered":"https:\/\/mkvplast.pl\/?post_type=product&#038;p=5853"},"modified":"2026-01-02T14:58:23","modified_gmt":"2026-01-02T13:58:23","slug":"arburg-320-c-500-100-selogica","status":"publish","type":"product","link":"https:\/\/mkvplast.pl\/index.php\/product\/arburg-320-c-500-100-selogica\/","title":{"rendered":"Arburg 320 C 500-100 Selogica"},"content":{"rendered":"<h5><strong>Rok produkcji 12\/2004<\/strong><br \/>\n<strong>Si\u0142a zamykania 50 ton<\/strong><br \/>\n<strong>Prze\u015bwit mi\u0119dzy kolumnami 320 x 320 mm<\/strong><br \/>\n<strong>\u015arednica \u015blimaka 25 mm<\/strong><br \/>\n<strong>Pojemnos\u0107 wtrysku 49 ccm<\/strong><br \/>\n<strong>Gramatura wtrysku 45 gr dla PS<\/strong><br \/>\n<strong>Wyposa\u017cenie: 2 x ci\u0105g rdzeni, euromap, z\u0142\u0105cza grzanych kana\u0142\u00f3w<\/strong><br \/>\n<strong>Po przegl\u0105dzie generalnym!<\/strong><br \/>\n<strong>Cena netto: 29.500 z\u0142<\/strong><\/h5>\n","protected":false},"excerpt":{"rendered":"<p>Rok produkcji 12\/2004 Si\u0142a zamykania 50 ton Prze\u015bwit mi\u0119dzy kolumnami 320 x 320 mm \u015arednica \u015blimaka 25 mm Pojemnos\u0107 wtrysku 49 ccm Gramatura wtrysku 45 gr dla PS Wyposa\u017cenie: 2 x ci\u0105g rdzeni, euromap, z\u0142\u0105cza grzanych kana\u0142\u00f3w Po przegl\u0105dzie generalnym! Cena netto: 29.500 z\u0142<\/p>\n","protected":false},"featured_media":5862,"template":"","meta":[],"product_brand":[],"product_cat":[19],"product_tag":[],"class_list":{"0":"post-5853","1":"product","2":"type-product","3":"status-publish","4":"has-post-thumbnail","6":"product_cat-wtryskarki","8":"first","9":"instock","10":"shipping-taxable","11":"product-type-simple"},"_links":{"self":[{"href":"https:\/\/mkvplast.pl\/index.php\/wp-json\/wp\/v2\/product\/5853","targetHints":{"allow":["GET"]}}],"collection":[{"href":"https:\/\/mkvplast.pl\/index.php\/wp-json\/wp\/v2\/product"}],"about":[{"href":"https:\/\/mkvplast.pl\/index.php\/wp-json\/wp\/v2\/types\/product"}],"wp:featuredmedia":[{"embeddable":true,"href":"https:\/\/mkvplast.pl\/index.php\/wp-json\/wp\/v2\/media\/5862"}],"wp:attachment":[{"href":"https:\/\/mkvplast.pl\/index.php\/wp-json\/wp\/v2\/media?parent=5853"}],"wp:term":[{"taxonomy":"product_brand","embeddable":true,"href":"https:\/\/mkvplast.pl\/index.php\/wp-json\/wp\/v2\/product_brand?post=5853"},{"taxonomy":"product_cat","embeddable":true,"href":"https:\/\/mkvplast.pl\/index.php\/wp-json\/wp\/v2\/product_cat?post=5853"},{"taxonomy":"product_tag","embeddable":true,"href":"https:\/\/mkvplast.pl\/index.php\/wp-json\/wp\/v2\/product_tag?post=5853"}],"curies":[{"name":"wp","href":"https:\/\/api.w.org\/{rel}","templated":true}]}}