{"id":5613,"date":"2025-11-03T14:23:26","date_gmt":"2025-11-03T13:23:26","guid":{"rendered":"https:\/\/mkvplast.pl\/?post_type=product&#038;p=5613"},"modified":"2025-11-03T14:23:27","modified_gmt":"2025-11-03T13:23:27","slug":"tasmociag-prosty-245-x-37-cm","status":"publish","type":"product","link":"https:\/\/mkvplast.pl\/index.php\/product\/tasmociag-prosty-245-x-37-cm\/","title":{"rendered":"Ta\u015bmoci\u0105g prosty 245 x 37 cm"},"content":{"rendered":"<h5><strong>Producent Virginio Nastri<\/strong><br \/>\n<strong>D\u0142ugo\u015b\u0107: 245 cm<\/strong><br \/>\n<strong>Szeroko\u015b\u0107: 37 cm<\/strong><br \/>\n<strong>Cena netto: 3500 z\u0142<\/strong><\/h5>\n","protected":false},"excerpt":{"rendered":"<p>Producent Virginio Nastri D\u0142ugo\u015b\u0107: 245 cm Szeroko\u015b\u0107: 37 cm Cena netto: 3500 z\u0142<\/p>\n","protected":false},"featured_media":5617,"template":"","meta":[],"product_brand":[],"product_cat":[28,21],"product_tag":[],"class_list":{"0":"post-5613","1":"product","2":"type-product","3":"status-publish","4":"has-post-thumbnail","6":"product_cat-tasmociagi","7":"product_cat-urzadzenia","9":"first","10":"instock","11":"shipping-taxable","12":"product-type-simple"},"_links":{"self":[{"href":"https:\/\/mkvplast.pl\/index.php\/wp-json\/wp\/v2\/product\/5613","targetHints":{"allow":["GET"]}}],"collection":[{"href":"https:\/\/mkvplast.pl\/index.php\/wp-json\/wp\/v2\/product"}],"about":[{"href":"https:\/\/mkvplast.pl\/index.php\/wp-json\/wp\/v2\/types\/product"}],"wp:featuredmedia":[{"embeddable":true,"href":"https:\/\/mkvplast.pl\/index.php\/wp-json\/wp\/v2\/media\/5617"}],"wp:attachment":[{"href":"https:\/\/mkvplast.pl\/index.php\/wp-json\/wp\/v2\/media?parent=5613"}],"wp:term":[{"taxonomy":"product_brand","embeddable":true,"href":"https:\/\/mkvplast.pl\/index.php\/wp-json\/wp\/v2\/product_brand?post=5613"},{"taxonomy":"product_cat","embeddable":true,"href":"https:\/\/mkvplast.pl\/index.php\/wp-json\/wp\/v2\/product_cat?post=5613"},{"taxonomy":"product_tag","embeddable":true,"href":"https:\/\/mkvplast.pl\/index.php\/wp-json\/wp\/v2\/product_tag?post=5613"}],"curies":[{"name":"wp","href":"https:\/\/api.w.org\/{rel}","templated":true}]}}