{"id":5027,"date":"2025-06-05T17:50:23","date_gmt":"2025-06-05T15:50:23","guid":{"rendered":"https:\/\/mkvplast.pl\/?post_type=product&#038;p=5027"},"modified":"2025-06-10T06:46:03","modified_gmt":"2025-06-10T04:46:03","slug":"regulator-goracych-kanalow-10-stref","status":"publish","type":"product","link":"https:\/\/mkvplast.pl\/index.php\/product\/regulator-goracych-kanalow-10-stref\/","title":{"rendered":"Regulator gor\u0105cych kana\u0142\u00f3w 10 stref"},"content":{"rendered":"<h5><strong>Producent G\u00dcNTHER<\/strong><br \/>\n<strong>10 stref<\/strong><br \/>\n<strong>W komplecie kable<\/strong><br \/>\n<strong>Cena netto: 5000 z\u0142<\/strong><\/h5>\n","protected":false},"excerpt":{"rendered":"<p>Producent G\u00dcNTHER 10 stref W komplecie kable Cena netto: 5000 z\u0142<\/p>\n","protected":false},"featured_media":5028,"template":"","meta":[],"product_brand":[],"product_cat":[34,21],"product_tag":[],"class_list":{"0":"post-5027","1":"product","2":"type-product","3":"status-publish","4":"has-post-thumbnail","6":"product_cat-regulatory","7":"product_cat-urzadzenia","9":"first","10":"instock","11":"shipping-taxable","12":"product-type-simple"},"_links":{"self":[{"href":"https:\/\/mkvplast.pl\/index.php\/wp-json\/wp\/v2\/product\/5027","targetHints":{"allow":["GET"]}}],"collection":[{"href":"https:\/\/mkvplast.pl\/index.php\/wp-json\/wp\/v2\/product"}],"about":[{"href":"https:\/\/mkvplast.pl\/index.php\/wp-json\/wp\/v2\/types\/product"}],"wp:featuredmedia":[{"embeddable":true,"href":"https:\/\/mkvplast.pl\/index.php\/wp-json\/wp\/v2\/media\/5028"}],"wp:attachment":[{"href":"https:\/\/mkvplast.pl\/index.php\/wp-json\/wp\/v2\/media?parent=5027"}],"wp:term":[{"taxonomy":"product_brand","embeddable":true,"href":"https:\/\/mkvplast.pl\/index.php\/wp-json\/wp\/v2\/product_brand?post=5027"},{"taxonomy":"product_cat","embeddable":true,"href":"https:\/\/mkvplast.pl\/index.php\/wp-json\/wp\/v2\/product_cat?post=5027"},{"taxonomy":"product_tag","embeddable":true,"href":"https:\/\/mkvplast.pl\/index.php\/wp-json\/wp\/v2\/product_tag?post=5027"}],"curies":[{"name":"wp","href":"https:\/\/api.w.org\/{rel}","templated":true}]}}