{"id":4451,"date":"2025-03-28T07:23:45","date_gmt":"2025-03-28T06:23:45","guid":{"rendered":"https:\/\/mkvplast.pl\/?post_type=product&#038;p=4451"},"modified":"2025-05-14T13:30:01","modified_gmt":"2025-05-14T11:30:01","slug":"agregat-wtryskowy-arburg-2","status":"publish","type":"product","link":"https:\/\/mkvplast.pl\/index.php\/product\/agregat-wtryskowy-arburg-2\/","title":{"rendered":"Agregat wtryskowy Arburg"},"content":{"rendered":"<h5><strong>Kompletny agregat wtryskowy<\/strong><br \/>\n<strong>Model 150<\/strong><br \/>\n<strong>Zdemontowany z wtryskarki Arburg 420C 1000-350\/150<\/strong><br \/>\n<strong>\u015arednica \u015blimaka 35 mm<\/strong><br \/>\n<strong>W komplecie z silnikiem hydraulicznym, zaworami, linia\u0142em, itd.<\/strong><br \/>\n<strong>Cena netto: 5000 z\u0142<\/strong><\/h5>\n","protected":false},"excerpt":{"rendered":"<p>Kompletny agregat wtryskowy Model 150 Zdemontowany z wtryskarki Arburg 420C 1000-350\/150 \u015arednica \u015blimaka 35 mm W komplecie z silnikiem hydraulicznym, zaworami, linia\u0142em, itd. Cena netto: 5000 z\u0142<\/p>\n","protected":false},"featured_media":4458,"template":"","meta":[],"product_brand":[],"product_cat":[22],"product_tag":[],"class_list":{"0":"post-4451","1":"product","2":"type-product","3":"status-publish","4":"has-post-thumbnail","6":"product_cat-czesci","8":"first","9":"instock","10":"shipping-taxable","11":"product-type-simple"},"_links":{"self":[{"href":"https:\/\/mkvplast.pl\/index.php\/wp-json\/wp\/v2\/product\/4451","targetHints":{"allow":["GET"]}}],"collection":[{"href":"https:\/\/mkvplast.pl\/index.php\/wp-json\/wp\/v2\/product"}],"about":[{"href":"https:\/\/mkvplast.pl\/index.php\/wp-json\/wp\/v2\/types\/product"}],"wp:featuredmedia":[{"embeddable":true,"href":"https:\/\/mkvplast.pl\/index.php\/wp-json\/wp\/v2\/media\/4458"}],"wp:attachment":[{"href":"https:\/\/mkvplast.pl\/index.php\/wp-json\/wp\/v2\/media?parent=4451"}],"wp:term":[{"taxonomy":"product_brand","embeddable":true,"href":"https:\/\/mkvplast.pl\/index.php\/wp-json\/wp\/v2\/product_brand?post=4451"},{"taxonomy":"product_cat","embeddable":true,"href":"https:\/\/mkvplast.pl\/index.php\/wp-json\/wp\/v2\/product_cat?post=4451"},{"taxonomy":"product_tag","embeddable":true,"href":"https:\/\/mkvplast.pl\/index.php\/wp-json\/wp\/v2\/product_tag?post=4451"}],"curies":[{"name":"wp","href":"https:\/\/api.w.org\/{rel}","templated":true}]}}