{"id":2946,"date":"2024-05-30T12:15:58","date_gmt":"2024-05-30T10:15:58","guid":{"rendered":"https:\/\/mkvplast.pl\/?post_type=product&#038;p=2946"},"modified":"2024-05-30T12:23:11","modified_gmt":"2024-05-30T10:23:11","slug":"silnik-elektryczny-siemens-11kw","status":"publish","type":"product","link":"https:\/\/mkvplast.pl\/index.php\/product\/silnik-elektryczny-siemens-11kw\/","title":{"rendered":"Silnik elektryczny Siemens 11kW z ko\u0142nierzem i sprz\u0119g\u0142em"},"content":{"rendered":"<h5><strong>Producent Siemens<\/strong><\/h5>\n<h5><strong>Moc 11 kW<\/strong><\/h5>\n<h5><strong>Ilo\u015b\u0107 obrot\u00f3w 1455\/min<\/strong><\/h5>\n<h5><strong>Cena netto: 1100 z\u0142<\/strong><\/h5>\n","protected":false},"excerpt":{"rendered":"<p>Producent Siemens Moc 11 kW Ilo\u015b\u0107 obrot\u00f3w 1455\/min Cena netto: 1100 z\u0142<\/p>\n","protected":false},"featured_media":2948,"template":"","meta":[],"product_brand":[],"product_cat":[22],"product_tag":[],"class_list":{"0":"post-2946","1":"product","2":"type-product","3":"status-publish","4":"has-post-thumbnail","6":"product_cat-czesci","8":"first","9":"instock","10":"shipping-taxable","11":"product-type-simple"},"_links":{"self":[{"href":"https:\/\/mkvplast.pl\/index.php\/wp-json\/wp\/v2\/product\/2946","targetHints":{"allow":["GET"]}}],"collection":[{"href":"https:\/\/mkvplast.pl\/index.php\/wp-json\/wp\/v2\/product"}],"about":[{"href":"https:\/\/mkvplast.pl\/index.php\/wp-json\/wp\/v2\/types\/product"}],"wp:featuredmedia":[{"embeddable":true,"href":"https:\/\/mkvplast.pl\/index.php\/wp-json\/wp\/v2\/media\/2948"}],"wp:attachment":[{"href":"https:\/\/mkvplast.pl\/index.php\/wp-json\/wp\/v2\/media?parent=2946"}],"wp:term":[{"taxonomy":"product_brand","embeddable":true,"href":"https:\/\/mkvplast.pl\/index.php\/wp-json\/wp\/v2\/product_brand?post=2946"},{"taxonomy":"product_cat","embeddable":true,"href":"https:\/\/mkvplast.pl\/index.php\/wp-json\/wp\/v2\/product_cat?post=2946"},{"taxonomy":"product_tag","embeddable":true,"href":"https:\/\/mkvplast.pl\/index.php\/wp-json\/wp\/v2\/product_tag?post=2946"}],"curies":[{"name":"wp","href":"https:\/\/api.w.org\/{rel}","templated":true}]}}