{"id":1830,"date":"2023-06-14T17:07:06","date_gmt":"2023-06-14T15:07:06","guid":{"rendered":"https:\/\/mkvplast.pl\/?post_type=product&#038;p=1830"},"modified":"2025-05-09T09:45:47","modified_gmt":"2025-05-09T07:45:47","slug":"regulator-goracych-kanalow","status":"publish","type":"product","link":"https:\/\/mkvplast.pl\/index.php\/product\/regulator-goracych-kanalow\/","title":{"rendered":"Regulator gor\u0105cych kana\u0142\u00f3w 6 stref"},"content":{"rendered":"<h5><strong>Producent STRACK NORMA<\/strong><br \/>\n<strong>Model Z 7533 RE 20<\/strong><br \/>\n<strong>6 stref<\/strong><br \/>\n<strong>Nowa cena netto: 2000 z\u0142<\/strong><\/h5>\n","protected":false},"excerpt":{"rendered":"<p>Producent STRACK NORMA Model Z 7533 RE 20 6 stref Nowa cena netto: 2000 z\u0142<\/p>\n","protected":false},"featured_media":1831,"template":"","meta":[],"product_brand":[],"product_cat":[34,21],"product_tag":[],"class_list":{"0":"post-1830","1":"product","2":"type-product","3":"status-publish","4":"has-post-thumbnail","6":"product_cat-regulatory","7":"product_cat-urzadzenia","9":"first","10":"instock","11":"shipping-taxable","12":"product-type-simple"},"_links":{"self":[{"href":"https:\/\/mkvplast.pl\/index.php\/wp-json\/wp\/v2\/product\/1830","targetHints":{"allow":["GET"]}}],"collection":[{"href":"https:\/\/mkvplast.pl\/index.php\/wp-json\/wp\/v2\/product"}],"about":[{"href":"https:\/\/mkvplast.pl\/index.php\/wp-json\/wp\/v2\/types\/product"}],"wp:featuredmedia":[{"embeddable":true,"href":"https:\/\/mkvplast.pl\/index.php\/wp-json\/wp\/v2\/media\/1831"}],"wp:attachment":[{"href":"https:\/\/mkvplast.pl\/index.php\/wp-json\/wp\/v2\/media?parent=1830"}],"wp:term":[{"taxonomy":"product_brand","embeddable":true,"href":"https:\/\/mkvplast.pl\/index.php\/wp-json\/wp\/v2\/product_brand?post=1830"},{"taxonomy":"product_cat","embeddable":true,"href":"https:\/\/mkvplast.pl\/index.php\/wp-json\/wp\/v2\/product_cat?post=1830"},{"taxonomy":"product_tag","embeddable":true,"href":"https:\/\/mkvplast.pl\/index.php\/wp-json\/wp\/v2\/product_tag?post=1830"}],"curies":[{"name":"wp","href":"https:\/\/api.w.org\/{rel}","templated":true}]}}